{"id":200,"date":"2025-09-15T22:42:17","date_gmt":"2025-09-15T22:42:17","guid":{"rendered":"https:\/\/nils-becker.org\/?page_id=200"},"modified":"2025-09-15T22:48:08","modified_gmt":"2025-09-15T22:48:08","slug":"kontakt","status":"publish","type":"page","link":"https:\/\/nils-becker.org\/?page_id=200","title":{"rendered":"Kontakt"},"content":{"rendered":"\n<div class=\"wp-block-group alignfull has-accent-3-background-color has-background is-vertical is-content-justification-center is-layout-flex wp-container-core-group-is-layout-2 wp-block-group-is-layout-flex\" style=\"min-height:100vh;margin-top:0;margin-bottom:0;padding-top:var(--wp--preset--spacing--60);padding-right:var(--wp--preset--spacing--50);padding-bottom:var(--wp--preset--spacing--60);padding-left:var(--wp--preset--spacing--50)\">\n<div class=\"wp-block-group has-global-padding is-layout-constrained wp-block-group-is-layout-constrained\">\n<div style=\"height:var(--wp--preset--spacing--10)\" aria-hidden=\"true\" class=\"wp-block-spacer\"><\/div>\n\n\n\n<h2 class=\"wp-block-heading has-text-align-center has-contrast-color has-text-color has-link-color has-x-large-font-size wp-elements-bc7e721cbfca7904e8358f43c6528c21\" style=\"margin-right:0;margin-left:0;padding-right:0;padding-left:0\">Sie haben Fragen zu meinen Leistungen oder wollen ihr Unternehmen mit KI zukunftssicher machen? \u2013 schreiben Sie mir gerne.<\/h2>\n\n\n\n<figure class=\"wp-block-image aligncenter size-full is-resized\"><img decoding=\"async\" src=\"https:\/\/nils-becker.org\/wp-content\/themes\/twentytwentyfour\/assets\/images\/icon-message.webp\" alt=\"\" style=\"aspect-ratio:0.9183673469387755;object-fit:cover;width:49px;height:auto\"\/><\/figure>\n\n\n\n<div class=\"wp-block-buttons is-content-justification-center is-layout-flex wp-container-core-buttons-is-layout-1 wp-block-buttons-is-layout-flex\">\n<div class=\"wp-block-button\"><a class=\"wp-block-button__link wp-element-button\" href=\"mailto:mail@nils-becker.org\">mail@nils-becker.org<\/a><\/div>\n<\/div>\n\n\n\n<div style=\"height:var(--wp--preset--spacing--10)\" aria-hidden=\"true\" class=\"wp-block-spacer\"><\/div>\n\n\n\n<h3 class=\"wp-block-heading has-text-align-center\">Unverbindliches Gespr\u00e4ch vereinbaren<\/h3>\n\n\n\n<p class=\"has-text-align-center\">Gerne k\u00f6nnen wir in einem kurzen Erstgespr\u00e4ch kl\u00e4ren, wie ich Ihr Unternehmen bei der Einf\u00fchrung und Weiterentwicklung von K\u00fcnstlicher Intelligenz unterst\u00fctzen kann.<\/p>\n<\/div>\n<\/div>\n","protected":false},"excerpt":{"rendered":"<p>Sie haben Fragen zu meinen Leistungen oder wollen ihr Unternehmen mit KI zukunftssicher machen? \u2013 schreiben Sie mir gerne. Unverbindliches Gespr\u00e4ch vereinbaren Gerne k\u00f6nnen wir in einem kurzen Erstgespr\u00e4ch kl\u00e4ren, wie ich Ihr Unternehmen bei der Einf\u00fchrung und Weiterentwicklung von K\u00fcnstlicher Intelligenz unterst\u00fctzen kann.<\/p>\n","protected":false},"author":1,"featured_media":0,"parent":0,"menu_order":0,"comment_status":"closed","ping_status":"closed","template":"","meta":{"footnotes":""},"class_list":["post-200","page","type-page","status-publish","hentry"],"_links":{"self":[{"href":"https:\/\/nils-becker.org\/index.php?rest_route=\/wp\/v2\/pages\/200","targetHints":{"allow":["GET"]}}],"collection":[{"href":"https:\/\/nils-becker.org\/index.php?rest_route=\/wp\/v2\/pages"}],"about":[{"href":"https:\/\/nils-becker.org\/index.php?rest_route=\/wp\/v2\/types\/page"}],"author":[{"embeddable":true,"href":"https:\/\/nils-becker.org\/index.php?rest_route=\/wp\/v2\/users\/1"}],"replies":[{"embeddable":true,"href":"https:\/\/nils-becker.org\/index.php?rest_route=%2Fwp%2Fv2%2Fcomments&post=200"}],"version-history":[{"count":5,"href":"https:\/\/nils-becker.org\/index.php?rest_route=\/wp\/v2\/pages\/200\/revisions"}],"predecessor-version":[{"id":207,"href":"https:\/\/nils-becker.org\/index.php?rest_route=\/wp\/v2\/pages\/200\/revisions\/207"}],"wp:attachment":[{"href":"https:\/\/nils-becker.org\/index.php?rest_route=%2Fwp%2Fv2%2Fmedia&parent=200"}],"curies":[{"name":"wp","href":"https:\/\/api.w.org\/{rel}","templated":true}]}}